{"id":11344,"date":"2023-04-10T12:37:42","date_gmt":"2023-04-10T15:37:42","guid":{"rendered":"https:\/\/www.oestepizzaparty.com.ar\/?post_type=product&#038;p=11344"},"modified":"2026-04-08T08:32:09","modified_gmt":"2026-04-08T11:32:09","slug":"paprika-x-453-6-badia","status":"publish","type":"product","link":"https:\/\/www.oestepizzaparty.com.ar\/?product=paprika-x-453-6-badia","title":{"rendered":"PAPRIKA X 453.6- BADIA"},"content":{"rendered":"<p>El piment\u00f3n conocido tambi\u00e9n como p\u00e1prika por su nombre hungaro, ademas de dar un delicioso sabor da un toque de color atractivo y apetitoso a sus comidas. Es un ingrediente indispensable en los embutidos y es gustoso en preparaciones de aves, definitivo en el goulash y verduras a la parrilla.<\/p>\n","protected":false},"excerpt":{"rendered":"<p>El piment\u00f3n conocido tambi\u00e9n como p\u00e1prika por su nombre hungaro, ademas de dar un delicioso sabor da un toque de color atractivo y apetitoso a sus comidas. Es un ingrediente indispensable en los embutidos y es gustoso en preparaciones de aves, definitivo en el goulash y verduras a la parrilla.<\/p>\n","protected":false},"featured_media":11347,"comment_status":"open","ping_status":"closed","template":"","meta":{"_et_pb_use_builder":"","_et_pb_old_content":"","_et_gb_content_width":"","om_disable_all_campaigns":false,"_monsterinsights_skip_tracking":false,"_monsterinsights_sitenote_active":false,"_monsterinsights_sitenote_note":"","_monsterinsights_sitenote_category":0,"_joinchat":[]},"product_brand":[],"product_cat":[719],"product_tag":[],"class_list":{"0":"post-11344","1":"product","2":"type-product","3":"status-publish","4":"has-post-thumbnail","6":"product_cat-condimentos-especias","8":"first","9":"instock","10":"taxable","11":"shipping-taxable","12":"purchasable","13":"product-type-simple"},"aioseo_notices":[],"_links":{"self":[{"href":"https:\/\/www.oestepizzaparty.com.ar\/index.php?rest_route=\/wp\/v2\/product\/11344","targetHints":{"allow":["GET"]}}],"collection":[{"href":"https:\/\/www.oestepizzaparty.com.ar\/index.php?rest_route=\/wp\/v2\/product"}],"about":[{"href":"https:\/\/www.oestepizzaparty.com.ar\/index.php?rest_route=\/wp\/v2\/types\/product"}],"replies":[{"embeddable":true,"href":"https:\/\/www.oestepizzaparty.com.ar\/index.php?rest_route=%2Fwp%2Fv2%2Fcomments&post=11344"}],"wp:featuredmedia":[{"embeddable":true,"href":"https:\/\/www.oestepizzaparty.com.ar\/index.php?rest_route=\/wp\/v2\/media\/11347"}],"wp:attachment":[{"href":"https:\/\/www.oestepizzaparty.com.ar\/index.php?rest_route=%2Fwp%2Fv2%2Fmedia&parent=11344"}],"wp:term":[{"taxonomy":"product_brand","embeddable":true,"href":"https:\/\/www.oestepizzaparty.com.ar\/index.php?rest_route=%2Fwp%2Fv2%2Fproduct_brand&post=11344"},{"taxonomy":"product_cat","embeddable":true,"href":"https:\/\/www.oestepizzaparty.com.ar\/index.php?rest_route=%2Fwp%2Fv2%2Fproduct_cat&post=11344"},{"taxonomy":"product_tag","embeddable":true,"href":"https:\/\/www.oestepizzaparty.com.ar\/index.php?rest_route=%2Fwp%2Fv2%2Fproduct_tag&post=11344"}],"curies":[{"name":"wp","href":"https:\/\/api.w.org\/{rel}","templated":true}]}}