{"id":11394,"date":"2023-04-12T16:08:39","date_gmt":"2023-04-12T19:08:39","guid":{"rendered":"https:\/\/www.oestepizzaparty.com.ar\/?post_type=product&#038;p=11394"},"modified":"2025-12-12T12:42:29","modified_gmt":"2025-12-12T15:42:29","slug":"extracto-de-malta-x-60gr-fleibor","status":"publish","type":"product","link":"https:\/\/www.oestepizzaparty.com.ar\/?product=extracto-de-malta-x-60gr-fleibor","title":{"rendered":"Extracto de malta x 60gr Fleibor"},"content":{"rendered":"<p><b>Aporta a los elaborados un excelente aroma a cereales y es ideal para todo tipo de panes, boller\u00eda, galleter\u00eda o cualquier otro tipo de masa<\/b>. Confiere a la corteza del pan un color m\u00e1s dorado y la hace m\u00e1s crujiente, conservando esta cualidad durante m\u00e1s tiempo.<\/p>\n","protected":false},"excerpt":{"rendered":"<p>Aporta a los elaborados un excelente aroma a cereales y es ideal para todo tipo de panes, boller\u00eda, galleter\u00eda o cualquier otro tipo de masa. Confiere a la corteza del pan un color m\u00e1s dorado y la hace m\u00e1s crujiente, conservando esta cualidad durante m\u00e1s tiempo.<\/p>\n","protected":false},"featured_media":11395,"comment_status":"open","ping_status":"closed","template":"","meta":{"_et_pb_use_builder":"","_et_pb_old_content":"","_et_gb_content_width":"","om_disable_all_campaigns":false,"_monsterinsights_skip_tracking":false,"_monsterinsights_sitenote_active":false,"_monsterinsights_sitenote_note":"","_monsterinsights_sitenote_category":0,"_joinchat":[]},"product_brand":[],"product_cat":[691],"product_tag":[],"class_list":{"0":"post-11394","1":"product","2":"type-product","3":"status-publish","4":"has-post-thumbnail","6":"product_cat-aditivos-extractos-polvos-para-hornear","8":"first","9":"instock","10":"taxable","11":"shipping-taxable","12":"purchasable","13":"product-type-simple"},"aioseo_notices":[],"_links":{"self":[{"href":"https:\/\/www.oestepizzaparty.com.ar\/index.php?rest_route=\/wp\/v2\/product\/11394","targetHints":{"allow":["GET"]}}],"collection":[{"href":"https:\/\/www.oestepizzaparty.com.ar\/index.php?rest_route=\/wp\/v2\/product"}],"about":[{"href":"https:\/\/www.oestepizzaparty.com.ar\/index.php?rest_route=\/wp\/v2\/types\/product"}],"replies":[{"embeddable":true,"href":"https:\/\/www.oestepizzaparty.com.ar\/index.php?rest_route=%2Fwp%2Fv2%2Fcomments&post=11394"}],"wp:featuredmedia":[{"embeddable":true,"href":"https:\/\/www.oestepizzaparty.com.ar\/index.php?rest_route=\/wp\/v2\/media\/11395"}],"wp:attachment":[{"href":"https:\/\/www.oestepizzaparty.com.ar\/index.php?rest_route=%2Fwp%2Fv2%2Fmedia&parent=11394"}],"wp:term":[{"taxonomy":"product_brand","embeddable":true,"href":"https:\/\/www.oestepizzaparty.com.ar\/index.php?rest_route=%2Fwp%2Fv2%2Fproduct_brand&post=11394"},{"taxonomy":"product_cat","embeddable":true,"href":"https:\/\/www.oestepizzaparty.com.ar\/index.php?rest_route=%2Fwp%2Fv2%2Fproduct_cat&post=11394"},{"taxonomy":"product_tag","embeddable":true,"href":"https:\/\/www.oestepizzaparty.com.ar\/index.php?rest_route=%2Fwp%2Fv2%2Fproduct_tag&post=11394"}],"curies":[{"name":"wp","href":"https:\/\/api.w.org\/{rel}","templated":true}]}}