{"id":1142,"date":"2020-06-24T18:37:01","date_gmt":"2020-06-24T21:37:01","guid":{"rendered":"http:\/\/www.oestepizzaparty.com.ar\/?post_type=product&#038;p=1142"},"modified":"2026-04-20T12:20:35","modified_gmt":"2026-04-20T15:20:35","slug":"salsa-divella-passata-di-pomodoro","status":"publish","type":"product","link":"https:\/\/www.oestepizzaparty.com.ar\/?product=salsa-divella-passata-di-pomodoro","title":{"rendered":"Passata Italiana x 680gr &#8211; Divella Venc  31\/07\/27"},"content":{"rendered":"<p class=\"p1\"><span class=\"s1\"><b>Pa\u00eds de origen:<\/b><\/span><span class=\"s2\">\u00a0<\/span><span class=\"s3\">Italia<\/span><\/p>\n<p class=\"p2\"><span class=\"s4\"><b>Regi\u00f3n:<\/b><\/span>\u00a0<span class=\"s1\">Napoli, Campa\u00f1a.<\/span><\/p>\n<p class=\"p2\"><span class=\"s4\"><b>Ingredientes:\u00a0<\/b><\/span><span class=\"s1\">Tomates, \u00e1cido c\u00edtrico<\/span><\/p>\n<p class=\"p2\"><span class=\"s4\"><b>Caracter\u00edsticas Organol\u00e9pticas:\u00a0<\/b><\/span><span class=\"s1\">Queso joven es el\u00e1stica y suave y admite el corte con la maduraci\u00f3n, se reblandece el sabor y se intensifica,<\/span><\/p>\n<p class=\"p1\"><span class=\"s1\"><b>Caracter\u00edsticas F\u00edsicas:<\/b><\/span><span class=\"s3\">\u00a0Pur\u00e9 de tomate<\/span><\/p>\n<p class=\"p1\"><span class=\"s1\"><b>Presentaci\u00f3n:\u00a0<\/b><\/span><span class=\"s3\">Bote de 680kg<\/span><\/p>\n<p class=\"p2\"><span class=\"s4\"><b>Embalaje:\u00a0<\/b><\/span><span class=\"s1\">En botella de vidrio<\/span><\/p>\n<p class=\"p2\"><span class=\"s4\"><b>Vida de anaquel:\u00a0<\/b><\/span><span class=\"s1\">De 5 a 6<span class=\"Apple-converted-space\">\u00a0\u00a0<\/span>meses aprox.<\/span><\/p>\n<p class=\"p2\"><span class=\"s4\"><b>Condiciones de Conservaci\u00f3n:\u00a0<\/b><\/span><span class=\"s1\">Conserve en refrigeraci\u00f3n entre 2 y 6 C\u00b0<\/span><\/p>\n<p class=\"p1\"><span class=\"s1\"><b>M\u00e9todo de corte:\u00a0<\/b><\/span><span class=\"s3\">no es necesario<\/span><\/p>\n<p class=\"p2\"><span class=\"s4\"><b>Informaci\u00f3n adicional:\u00a0<\/b><\/span><span class=\"s1\">Es muy usado para pastas<\/span><\/p>\n<p class=\"p2\"><span class=\"s4\"><b>Procedimientos:\u00a0<\/b><\/span><span class=\"s1\">Requerimiento del cultivo de tomate[editar]<\/span><\/p>\n<p class=\"p3\"><span class=\"s1\">Temperatura: la temperatura \u00f3ptima de desarrollo del cultivo de tomate oscila entre los 20 y 30\u00a0\u00b0C durante el d\u00eda y entre 10 y 17\u00a0\u00b0C durante la noche. Las temperaturas superiores a los 35\u00a0\u00b0C impactan negativamente sobre el desarrollo de los \u00f3vulos fecundados y, por ende, afectan el crecimiento de los frutos. Por el otro lado, las temperaturas inferiores a 12\u00a0\u00b0C afectan adversamente el crecimiento de la planta. Las temperaturas son especialmente cr\u00edticas durante el per\u00edodo de floraci\u00f3n, ya que por encima de los 25\u00a0\u00b0C o por debajo de los 12\u00a0\u00b0C la fecundaci\u00f3n no se produce. Durante la fructificaci\u00f3n las temperaturas inciden sobre el desarrollo de los frutos, aceler\u00e1ndose la maduraci\u00f3n a medida que se incrementan las temperaturas. No obstante, por encima de los 30\u00a0\u00b0C (o por debajo de los 10\u00a0\u00b0C) los frutos adquieren tonalidades amarillentas.<\/span><\/p>\n<p class=\"p3\"><span class=\"s1\">Humedad: la humedad relativa \u00f3ptima oscila entre 60\u00a0% y 80\u00a0%. Con humedades superiores al 80\u00a0% incrementa la incidencia de enfermedades en la parte a\u00e9rea de la planta y puede determinar, adem\u00e1s, el agrietamiento de los frutos o dificultades en la polinizaci\u00f3n ya que el polen se apelmaza. En el otro extremo, una humedad relativa menor al 60\u00a0% dificulta la fijaci\u00f3n de los granos de polen al estigma, lo que dificulta la polinizaci\u00f3n.<\/span><\/p>\n<p class=\"p3\"><span class=\"s1\">Luminosidad: el tomate necesita de condiciones de muy buena luminosidad, de lo contrario los procesos de crecimiento, desarrollo, floraci\u00f3n, polinizaci\u00f3n y maduraci\u00f3n de los frutos pueden verse negativamente afectados.<\/span><\/p>\n<p class=\"p3\"><span class=\"s1\">Suelo: la planta de tomate no es muy exigente en cuanto a suelos, excepto en lo que se refiere al drenaje, el cual tiene que ser excelente ya que no soporta el anegamiento. No obstante, prefiere suelos sueltos de textura sil\u00edceo-arcillosa y ricos en materia org\u00e1nica. En cuanto al pH, los suelos pueden ser desde ligeramente \u00e1cidos hasta ligeramente alcalinos cuando est\u00e1n enarenados. Es la especie cultivada en invernadero que mejor tolera las condiciones de salinidad tanto del suelo como del agua de riego.31<\/span><span class=\"s5\">\u200b<\/span><span class=\"s1\">\u00a0Hay que evitar plantar los tomates cerca de un nogal (Juglans), ya que inyecta en su micorriza una toxina llamada juglona ( (5-hidroxi-1,4-naftoquinona),) que afecta al crecimiento, no solo de las tomateras, pero tambi\u00e9n a otras plantas (alelopat\u00eda). Una tomatera que crece en un ambiente contaminado con juglona crece, de media, un tercio menos que una tomatera norma<\/span><\/p>\n<p class=\"p2\"><span class=\"s1\"><b>Informaci\u00f3n nutrimental, Ingesta diaria recomendada:<\/b><\/span><\/p>\n<table cellspacing=\"0\" cellpadding=\"0\">\n<tbody>\n<tr>\n<td colspan=\"2\" valign=\"top\">\n<p align=\"center\"><b>Tabla Nutrimental<\/b><\/p>\n<\/td>\n<\/tr>\n<tr>\n<td colspan=\"2\" valign=\"top\">\n<p align=\"center\"><b>Valor Medios por 100 g<\/b><\/p>\n<\/td>\n<\/tr>\n<tr>\n<td valign=\"top\"><b>Valor Energ\u00e9tico<\/b><\/td>\n<td valign=\"top\"><b>28 Kcal<\/b><\/td>\n<\/tr>\n<tr>\n<td valign=\"top\"><b>Prote\u00edna<\/b><\/td>\n<td valign=\"top\"><b>1.6 g<\/b><\/td>\n<\/tr>\n<tr>\n<td valign=\"top\"><b>Contenido Graso<\/b><\/td>\n<td valign=\"top\"><b>0.2 g<\/b><\/td>\n<\/tr>\n<tr>\n<td valign=\"top\"><b>Grasos saturados<\/b><\/td>\n<td valign=\"top\"><b>0 g<\/b><\/td>\n<\/tr>\n<tr>\n<td valign=\"top\"><b>Fibra<\/b><\/td>\n<td valign=\"top\"><b>1.2 g<\/b><\/td>\n<\/tr>\n<tr>\n<td valign=\"top\"><b>Sodio<\/b><\/td>\n<td valign=\"top\"><b>100mg<\/b><\/td>\n<\/tr>\n<tr>\n<td valign=\"top\"><b>carbohidratos<\/b><\/td>\n<td valign=\"top\"><b>4.3 g<\/b><\/td>\n<\/tr>\n<tr>\n<td valign=\"top\"><b>Azucares<\/b><\/td>\n<td valign=\"top\"><b>4.3 g<\/b><\/td>\n<\/tr>\n<\/tbody>\n<\/table>\n<p class=\"p1\"><span class=\"s1\"><b>Informaci\u00f3n Fisicoqu\u00edmica:<\/b><\/span><\/p>\n<p class=\"p3\"><span class=\"s1\">Humedad: 52 %<\/span><\/p>\n<p class=\"p4\"><span class=\"s1\">Grasa: 23 %<\/span><\/p>\n<p class=\"p4\"><span class=\"s1\">Prote\u00edna: 20 %<\/span><\/p>\n","protected":false},"excerpt":{"rendered":"<blockquote><p>&nbsp;<\/p><\/blockquote>\n","protected":false},"featured_media":1143,"comment_status":"open","ping_status":"closed","template":"","meta":{"_et_pb_use_builder":"","_et_pb_old_content":"","_et_gb_content_width":"","om_disable_all_campaigns":false,"_monsterinsights_skip_tracking":false,"_monsterinsights_sitenote_active":false,"_monsterinsights_sitenote_note":"","_monsterinsights_sitenote_category":0,"_joinchat":[]},"product_brand":[],"product_cat":[714,717],"product_tag":[98,100,97,99,102],"class_list":{"0":"post-1142","1":"product","2":"type-product","3":"status-publish","4":"has-post-thumbnail","6":"product_cat-salsas-tomates","7":"product_cat-tomates-importados","8":"product_tag-divella","9":"product_tag-gastronomia","10":"product_tag-pasta","11":"product_tag-pasta-italiana","12":"product_tag-salsas","14":"first","15":"instock","16":"taxable","17":"shipping-taxable","18":"purchasable","19":"product-type-simple"},"aioseo_notices":[],"_links":{"self":[{"href":"https:\/\/www.oestepizzaparty.com.ar\/index.php?rest_route=\/wp\/v2\/product\/1142","targetHints":{"allow":["GET"]}}],"collection":[{"href":"https:\/\/www.oestepizzaparty.com.ar\/index.php?rest_route=\/wp\/v2\/product"}],"about":[{"href":"https:\/\/www.oestepizzaparty.com.ar\/index.php?rest_route=\/wp\/v2\/types\/product"}],"replies":[{"embeddable":true,"href":"https:\/\/www.oestepizzaparty.com.ar\/index.php?rest_route=%2Fwp%2Fv2%2Fcomments&post=1142"}],"wp:featuredmedia":[{"embeddable":true,"href":"https:\/\/www.oestepizzaparty.com.ar\/index.php?rest_route=\/wp\/v2\/media\/1143"}],"wp:attachment":[{"href":"https:\/\/www.oestepizzaparty.com.ar\/index.php?rest_route=%2Fwp%2Fv2%2Fmedia&parent=1142"}],"wp:term":[{"taxonomy":"product_brand","embeddable":true,"href":"https:\/\/www.oestepizzaparty.com.ar\/index.php?rest_route=%2Fwp%2Fv2%2Fproduct_brand&post=1142"},{"taxonomy":"product_cat","embeddable":true,"href":"https:\/\/www.oestepizzaparty.com.ar\/index.php?rest_route=%2Fwp%2Fv2%2Fproduct_cat&post=1142"},{"taxonomy":"product_tag","embeddable":true,"href":"https:\/\/www.oestepizzaparty.com.ar\/index.php?rest_route=%2Fwp%2Fv2%2Fproduct_tag&post=1142"}],"curies":[{"name":"wp","href":"https:\/\/api.w.org\/{rel}","templated":true}]}}