{"id":12969,"date":"2023-10-27T09:34:25","date_gmt":"2023-10-27T12:34:25","guid":{"rendered":"https:\/\/www.oestepizzaparty.com.ar\/?post_type=product&#038;p=12969"},"modified":"2026-04-29T08:50:18","modified_gmt":"2026-04-29T11:50:18","slug":"canuelas-harina-para-pizza-al-molde-x-25kg","status":"publish","type":"product","link":"https:\/\/www.oestepizzaparty.com.ar\/?product=canuelas-harina-para-pizza-al-molde-x-25kg","title":{"rendered":"HARINA PIZZA AL MOLDE x 25kg &#8211; MOLINO CA\u00d1UELAS VENC"},"content":{"rendered":"<p>Molino Ca\u00f1uelas Harina Para Pizza al Molde x 25kg<\/p>\n<h3 style=\"position: absolute; left: -15791px;\">Si buscas pulsera. Hay algo para cada look, desde ce\u00f1ido al cuerpo hasta estructurado, desde pu\u00f1os hasta cadenas. <a href=\"https:\/\/www.high-endrolex.com\/\">chain bracelet<\/a> y pu\u00f1os.<\/h3>\n","protected":false},"excerpt":{"rendered":"<p>Molino Ca\u00f1uelas Harina Para Pizza al Molde x 25kg Si buscas pulsera. Hay algo para cada look, desde ce\u00f1ido al cuerpo hasta estructurado, desde pu\u00f1os hasta cadenas. chain bracelet y pu\u00f1os.<\/p>\n","protected":false},"featured_media":15726,"comment_status":"open","ping_status":"closed","template":"","meta":{"_et_pb_use_builder":"","_et_pb_old_content":"","_et_gb_content_width":"","om_disable_all_campaigns":false,"_monsterinsights_skip_tracking":false,"_monsterinsights_sitenote_active":false,"_monsterinsights_sitenote_note":"","_monsterinsights_sitenote_category":0,"_joinchat":[]},"product_brand":[],"product_cat":[750],"product_tag":[],"class_list":{"0":"post-12969","1":"product","2":"type-product","3":"status-publish","4":"has-post-thumbnail","6":"product_cat-molino-canuelas","8":"first","9":"instock","10":"taxable","11":"shipping-taxable","12":"purchasable","13":"product-type-simple"},"aioseo_notices":[],"_links":{"self":[{"href":"https:\/\/www.oestepizzaparty.com.ar\/index.php?rest_route=\/wp\/v2\/product\/12969","targetHints":{"allow":["GET"]}}],"collection":[{"href":"https:\/\/www.oestepizzaparty.com.ar\/index.php?rest_route=\/wp\/v2\/product"}],"about":[{"href":"https:\/\/www.oestepizzaparty.com.ar\/index.php?rest_route=\/wp\/v2\/types\/product"}],"replies":[{"embeddable":true,"href":"https:\/\/www.oestepizzaparty.com.ar\/index.php?rest_route=%2Fwp%2Fv2%2Fcomments&post=12969"}],"wp:featuredmedia":[{"embeddable":true,"href":"https:\/\/www.oestepizzaparty.com.ar\/index.php?rest_route=\/wp\/v2\/media\/15726"}],"wp:attachment":[{"href":"https:\/\/www.oestepizzaparty.com.ar\/index.php?rest_route=%2Fwp%2Fv2%2Fmedia&parent=12969"}],"wp:term":[{"taxonomy":"product_brand","embeddable":true,"href":"https:\/\/www.oestepizzaparty.com.ar\/index.php?rest_route=%2Fwp%2Fv2%2Fproduct_brand&post=12969"},{"taxonomy":"product_cat","embeddable":true,"href":"https:\/\/www.oestepizzaparty.com.ar\/index.php?rest_route=%2Fwp%2Fv2%2Fproduct_cat&post=12969"},{"taxonomy":"product_tag","embeddable":true,"href":"https:\/\/www.oestepizzaparty.com.ar\/index.php?rest_route=%2Fwp%2Fv2%2Fproduct_tag&post=12969"}],"curies":[{"name":"wp","href":"https:\/\/api.w.org\/{rel}","templated":true}]}}