{"id":14157,"date":"2024-02-07T10:01:51","date_gmt":"2024-02-07T13:01:51","guid":{"rendered":"https:\/\/www.oestepizzaparty.com.ar\/?post_type=product&#038;p=14157"},"modified":"2026-02-20T08:47:28","modified_gmt":"2026-02-20T11:47:28","slug":"familia-zuccardi-seleccion-de-finca-arauco-x-250cc","status":"publish","type":"product","link":"https:\/\/www.oestepizzaparty.com.ar\/?product=familia-zuccardi-seleccion-de-finca-arauco-x-250cc","title":{"rendered":"FAMILIA ZUCCARDI SELECCI\u00d3N DE FINCA ARAUCO x 250cc"},"content":{"rendered":"<p>Arauco Selecci\u00f3n de Finca, fue cosechado en forma manual a principios de mayo de 2023. Su molienda y extracci\u00f3n se realiz\u00f3 con control de temperatura bajo el sistema de vac\u00edo antes mencionado y con tiempos controlados, obteniendo un aceite virgen extra de alta calidad con un nivel de acidez menor al 0,2% y un alto contenido de polifenoles, antioxidantes naturales, propios de la variedad.<\/p>\n<p>Posee un frutado verde intenso, con aromas a pasto cortado, tomate, r\u00facula y alcaucil. En boca es fresco, complejo y equilibrado con un agradable y persistente nivel de picantes y amargos. Ideal para acompa\u00f1ar carnes grilladas, platos bien sazonados, quesos de pasta dura y picante o disfrutar directamente su sabor y complejidad de aromas sobre una porci\u00f3n de pan caliente.<\/p>\n","protected":false},"excerpt":{"rendered":"<p>Arauco Selecci\u00f3n de Finca, fue cosechado en forma manual a principios de mayo de 2023. Su molienda y extracci\u00f3n se realiz\u00f3 con control de temperatura bajo el sistema de vac\u00edo antes mencionado y con tiempos controlados, obteniendo un aceite virgen extra de alta calidad con un nivel de acidez menor al 0,2% y un alto [&hellip;]<\/p>\n","protected":false},"featured_media":14158,"comment_status":"open","ping_status":"closed","template":"","meta":{"_et_pb_use_builder":"","_et_pb_old_content":"","_et_gb_content_width":"","om_disable_all_campaigns":false,"_monsterinsights_skip_tracking":false,"_monsterinsights_sitenote_active":false,"_monsterinsights_sitenote_note":"","_monsterinsights_sitenote_category":0,"_joinchat":[]},"product_brand":[],"product_cat":[753],"product_tag":[],"class_list":{"0":"post-14157","1":"product","2":"type-product","3":"status-publish","4":"has-post-thumbnail","6":"product_cat-aceites-vinagres-nacionales","8":"first","9":"outofstock","10":"taxable","11":"shipping-taxable","12":"product-type-simple"},"aioseo_notices":[],"_links":{"self":[{"href":"https:\/\/www.oestepizzaparty.com.ar\/index.php?rest_route=\/wp\/v2\/product\/14157","targetHints":{"allow":["GET"]}}],"collection":[{"href":"https:\/\/www.oestepizzaparty.com.ar\/index.php?rest_route=\/wp\/v2\/product"}],"about":[{"href":"https:\/\/www.oestepizzaparty.com.ar\/index.php?rest_route=\/wp\/v2\/types\/product"}],"replies":[{"embeddable":true,"href":"https:\/\/www.oestepizzaparty.com.ar\/index.php?rest_route=%2Fwp%2Fv2%2Fcomments&post=14157"}],"wp:featuredmedia":[{"embeddable":true,"href":"https:\/\/www.oestepizzaparty.com.ar\/index.php?rest_route=\/wp\/v2\/media\/14158"}],"wp:attachment":[{"href":"https:\/\/www.oestepizzaparty.com.ar\/index.php?rest_route=%2Fwp%2Fv2%2Fmedia&parent=14157"}],"wp:term":[{"taxonomy":"product_brand","embeddable":true,"href":"https:\/\/www.oestepizzaparty.com.ar\/index.php?rest_route=%2Fwp%2Fv2%2Fproduct_brand&post=14157"},{"taxonomy":"product_cat","embeddable":true,"href":"https:\/\/www.oestepizzaparty.com.ar\/index.php?rest_route=%2Fwp%2Fv2%2Fproduct_cat&post=14157"},{"taxonomy":"product_tag","embeddable":true,"href":"https:\/\/www.oestepizzaparty.com.ar\/index.php?rest_route=%2Fwp%2Fv2%2Fproduct_tag&post=14157"}],"curies":[{"name":"wp","href":"https:\/\/api.w.org\/{rel}","templated":true}]}}