{"id":14272,"date":"2024-03-04T10:39:50","date_gmt":"2024-03-04T13:39:50","guid":{"rendered":"https:\/\/www.oestepizzaparty.com.ar\/?post_type=product&#038;p=14272"},"modified":"2026-04-15T10:45:35","modified_gmt":"2026-04-15T13:45:35","slug":"azucar-impalpable-talco-x-1kg","status":"publish","type":"product","link":"https:\/\/www.oestepizzaparty.com.ar\/?product=azucar-impalpable-talco-x-1kg","title":{"rendered":"Az\u00facar Impalpable Talco x 1kg"},"content":{"rendered":"<p>El\u00a0az\u00facar\u00a0glass es un tipo de\u00a0az\u00facar\u00a0que se caracteriza por estar pulverizado o molido a tama\u00f1o de polvo (con cristales de un di\u00e1metro inferior a 0,15 mm) con a\u00f1adido de 2 o 3% de almid\u00f3n. Este aditivo es de gran importancia para evitar el apelmazamiento<\/p>\n","protected":false},"excerpt":{"rendered":"<p>El\u00a0az\u00facar\u00a0glass es un tipo de\u00a0az\u00facar\u00a0que se caracteriza por estar pulverizado o molido a tama\u00f1o de polvo (con cristales de un di\u00e1metro inferior a 0,15 mm) con a\u00f1adido de 2 o 3% de almid\u00f3n. Este aditivo es de gran importancia para evitar el apelmazamiento<\/p>\n","protected":false},"featured_media":14273,"comment_status":"open","ping_status":"closed","template":"","meta":{"_et_pb_use_builder":"","_et_pb_old_content":"","_et_gb_content_width":"","om_disable_all_campaigns":false,"_monsterinsights_skip_tracking":false,"_monsterinsights_sitenote_active":false,"_monsterinsights_sitenote_note":"","_monsterinsights_sitenote_category":0,"_joinchat":[]},"product_brand":[],"product_cat":[748],"product_tag":[],"class_list":{"0":"post-14272","1":"product","2":"type-product","3":"status-publish","4":"has-post-thumbnail","6":"product_cat-azucares-varios","8":"first","9":"outofstock","10":"taxable","11":"shipping-taxable","12":"product-type-simple"},"aioseo_notices":[],"_links":{"self":[{"href":"https:\/\/www.oestepizzaparty.com.ar\/index.php?rest_route=\/wp\/v2\/product\/14272","targetHints":{"allow":["GET"]}}],"collection":[{"href":"https:\/\/www.oestepizzaparty.com.ar\/index.php?rest_route=\/wp\/v2\/product"}],"about":[{"href":"https:\/\/www.oestepizzaparty.com.ar\/index.php?rest_route=\/wp\/v2\/types\/product"}],"replies":[{"embeddable":true,"href":"https:\/\/www.oestepizzaparty.com.ar\/index.php?rest_route=%2Fwp%2Fv2%2Fcomments&post=14272"}],"wp:featuredmedia":[{"embeddable":true,"href":"https:\/\/www.oestepizzaparty.com.ar\/index.php?rest_route=\/wp\/v2\/media\/14273"}],"wp:attachment":[{"href":"https:\/\/www.oestepizzaparty.com.ar\/index.php?rest_route=%2Fwp%2Fv2%2Fmedia&parent=14272"}],"wp:term":[{"taxonomy":"product_brand","embeddable":true,"href":"https:\/\/www.oestepizzaparty.com.ar\/index.php?rest_route=%2Fwp%2Fv2%2Fproduct_brand&post=14272"},{"taxonomy":"product_cat","embeddable":true,"href":"https:\/\/www.oestepizzaparty.com.ar\/index.php?rest_route=%2Fwp%2Fv2%2Fproduct_cat&post=14272"},{"taxonomy":"product_tag","embeddable":true,"href":"https:\/\/www.oestepizzaparty.com.ar\/index.php?rest_route=%2Fwp%2Fv2%2Fproduct_tag&post=14272"}],"curies":[{"name":"wp","href":"https:\/\/api.w.org\/{rel}","templated":true}]}}