{"id":14698,"date":"2024-04-15T12:48:28","date_gmt":"2024-04-15T15:48:28","guid":{"rendered":"https:\/\/www.oestepizzaparty.com.ar\/?post_type=product&#038;p=14698"},"modified":"2026-04-28T08:36:59","modified_gmt":"2026-04-28T11:36:59","slug":"harina-molino-mayal-centeno-integral-organica-0-x-1kg","status":"publish","type":"product","link":"https:\/\/www.oestepizzaparty.com.ar\/?product=harina-molino-mayal-centeno-integral-organica-0-x-1kg","title":{"rendered":"Harina \u00abMOLINO MAYAL\u00bb Centeno Integral Organica 0 x 1kg"},"content":{"rendered":"<p>Molino Mayal elabora sus productos moliendo a piedra el trigo, centeno, espelta y ma\u00edz liberando as\u00ed sus aceites arom\u00e1ticos en la propia harina. Este molino muele el grano entero y lo pasa por tamices donde se saca la fibra y mantiene de esta forma, sus nutrientes. Sus granos son no transg\u00e9nicos, sin contaminaci\u00f3n y la tierra en donde se cultiva es libre de agro t\u00f3xico. Todas las variedades de harinas de trigo, centeno y ma\u00edz son integrales. Sus granos no son manipulados gen\u00e9ticamente y esto da como resultado una harina org\u00e1nica de alt\u00edsima calidad y adem\u00e1s se encuentran certificados bajo la Norma FS (Org\u00e1nicos) Dicha t\u00e9cnica es originaria del sur de Alemania, Austria y Suiza.<\/p>\n","protected":false},"excerpt":{"rendered":"<p>Molino Mayal elabora sus productos moliendo a piedra el trigo, centeno, espelta y ma\u00edz liberando as\u00ed sus aceites arom\u00e1ticos en la propia harina. Este molino muele el grano entero y lo pasa por tamices donde se saca la fibra y mantiene de esta forma, sus nutrientes. Sus granos son no transg\u00e9nicos, sin contaminaci\u00f3n y la [&hellip;]<\/p>\n","protected":false},"featured_media":14699,"comment_status":"open","ping_status":"closed","template":"","meta":{"_et_pb_use_builder":"","_et_pb_old_content":"","_et_gb_content_width":"","om_disable_all_campaigns":false,"_monsterinsights_skip_tracking":false,"_monsterinsights_sitenote_active":false,"_monsterinsights_sitenote_note":"","_monsterinsights_sitenote_category":0,"_joinchat":[]},"product_brand":[],"product_cat":[769],"product_tag":[],"class_list":{"0":"post-14698","1":"product","2":"type-product","3":"status-publish","4":"has-post-thumbnail","6":"product_cat-molino-mayal-integrales-organicas","8":"first","9":"instock","10":"taxable","11":"shipping-taxable","12":"purchasable","13":"product-type-simple"},"aioseo_notices":[],"_links":{"self":[{"href":"https:\/\/www.oestepizzaparty.com.ar\/index.php?rest_route=\/wp\/v2\/product\/14698","targetHints":{"allow":["GET"]}}],"collection":[{"href":"https:\/\/www.oestepizzaparty.com.ar\/index.php?rest_route=\/wp\/v2\/product"}],"about":[{"href":"https:\/\/www.oestepizzaparty.com.ar\/index.php?rest_route=\/wp\/v2\/types\/product"}],"replies":[{"embeddable":true,"href":"https:\/\/www.oestepizzaparty.com.ar\/index.php?rest_route=%2Fwp%2Fv2%2Fcomments&post=14698"}],"wp:featuredmedia":[{"embeddable":true,"href":"https:\/\/www.oestepizzaparty.com.ar\/index.php?rest_route=\/wp\/v2\/media\/14699"}],"wp:attachment":[{"href":"https:\/\/www.oestepizzaparty.com.ar\/index.php?rest_route=%2Fwp%2Fv2%2Fmedia&parent=14698"}],"wp:term":[{"taxonomy":"product_brand","embeddable":true,"href":"https:\/\/www.oestepizzaparty.com.ar\/index.php?rest_route=%2Fwp%2Fv2%2Fproduct_brand&post=14698"},{"taxonomy":"product_cat","embeddable":true,"href":"https:\/\/www.oestepizzaparty.com.ar\/index.php?rest_route=%2Fwp%2Fv2%2Fproduct_cat&post=14698"},{"taxonomy":"product_tag","embeddable":true,"href":"https:\/\/www.oestepizzaparty.com.ar\/index.php?rest_route=%2Fwp%2Fv2%2Fproduct_tag&post=14698"}],"curies":[{"name":"wp","href":"https:\/\/api.w.org\/{rel}","templated":true}]}}