{"id":1513,"date":"2020-07-29T18:31:07","date_gmt":"2020-07-29T21:31:07","guid":{"rendered":"https:\/\/www.oestepizzaparty.com.ar\/?post_type=product&#038;p=1513"},"modified":"2026-04-30T17:46:50","modified_gmt":"2026-04-30T20:46:50","slug":"muzzarella-mozzari-burratina","status":"publish","type":"product","link":"https:\/\/www.oestepizzaparty.com.ar\/?product=muzzarella-mozzari-burratina","title":{"rendered":"Muzzarella \u00abMozzari\u00bb Burratina"},"content":{"rendered":"<p>Presentaci\u00f3n 2 bochas de 125gs cada una.<\/p>\n<p>O burrata piccola. Es la misma burrata pero en tama\u00f1o menor, siendo su peso aproximadamente 120g, diferenci\u00e1ndose de la burratta la cual ronda los 250g. La unidad de comercializaci\u00f3n contiene dos unidades por envase. Este tama\u00f1o esta ideado por sobre todo para tener una presencia mas equilibrada en el plato de entrada, pues permite usar la unidad entera con el acompa\u00f1amiento de otros ingredientes conservando un buen balance y armon\u00eda.<\/p>\n","protected":false},"excerpt":{"rendered":"<p>O burrata piccola. Es la misma burrata pero en tama\u00f1o menor, siendo su peso aproximadamente 120g, diferenci\u00e1ndose de la burratta la cual ronda los 250g. La unidad de comercializaci\u00f3n contiene dos unidades por envase. Este tama\u00f1o esta ideado por sobre todo para tener una presencia mas equilibrada en el plato de entrada, pues permite usar la unidad entera con el acompa\u00f1amiento de otros ingredientes conservando un buen balance y armon\u00eda.<\/p>\n","protected":false},"featured_media":13865,"comment_status":"open","ping_status":"closed","template":"","meta":{"_et_pb_use_builder":"","_et_pb_old_content":"","_et_gb_content_width":"","om_disable_all_campaigns":false,"_monsterinsights_skip_tracking":false,"_monsterinsights_sitenote_active":false,"_monsterinsights_sitenote_note":"","_monsterinsights_sitenote_category":0,"_joinchat":[]},"product_brand":[],"product_cat":[759],"product_tag":[214,100,160,161,116,119,215],"class_list":{"0":"post-1513","1":"product","2":"type-product","3":"status-publish","4":"has-post-thumbnail","6":"product_cat-lacteos-muzzarellas-mozzari","7":"product_tag-burratina","8":"product_tag-gastronomia","9":"product_tag-insumos","10":"product_tag-insumos-gastronomia","11":"product_tag-mozzari","12":"product_tag-muzzarella","13":"product_tag-queso","15":"first","16":"instock","17":"taxable","18":"shipping-taxable","19":"purchasable","20":"product-type-simple"},"aioseo_notices":[],"_links":{"self":[{"href":"https:\/\/www.oestepizzaparty.com.ar\/index.php?rest_route=\/wp\/v2\/product\/1513","targetHints":{"allow":["GET"]}}],"collection":[{"href":"https:\/\/www.oestepizzaparty.com.ar\/index.php?rest_route=\/wp\/v2\/product"}],"about":[{"href":"https:\/\/www.oestepizzaparty.com.ar\/index.php?rest_route=\/wp\/v2\/types\/product"}],"replies":[{"embeddable":true,"href":"https:\/\/www.oestepizzaparty.com.ar\/index.php?rest_route=%2Fwp%2Fv2%2Fcomments&post=1513"}],"wp:featuredmedia":[{"embeddable":true,"href":"https:\/\/www.oestepizzaparty.com.ar\/index.php?rest_route=\/wp\/v2\/media\/13865"}],"wp:attachment":[{"href":"https:\/\/www.oestepizzaparty.com.ar\/index.php?rest_route=%2Fwp%2Fv2%2Fmedia&parent=1513"}],"wp:term":[{"taxonomy":"product_brand","embeddable":true,"href":"https:\/\/www.oestepizzaparty.com.ar\/index.php?rest_route=%2Fwp%2Fv2%2Fproduct_brand&post=1513"},{"taxonomy":"product_cat","embeddable":true,"href":"https:\/\/www.oestepizzaparty.com.ar\/index.php?rest_route=%2Fwp%2Fv2%2Fproduct_cat&post=1513"},{"taxonomy":"product_tag","embeddable":true,"href":"https:\/\/www.oestepizzaparty.com.ar\/index.php?rest_route=%2Fwp%2Fv2%2Fproduct_tag&post=1513"}],"curies":[{"name":"wp","href":"https:\/\/api.w.org\/{rel}","templated":true}]}}