{"id":15936,"date":"2024-08-12T15:38:50","date_gmt":"2024-08-12T18:38:50","guid":{"rendered":"https:\/\/www.oestepizzaparty.com.ar\/?post_type=product&#038;p=15936"},"modified":"2026-05-06T11:09:40","modified_gmt":"2026-05-06T14:09:40","slug":"harinisima-integral-fina-x-25kg-venc-11-10-24","status":"publish","type":"product","link":"https:\/\/www.oestepizzaparty.com.ar\/?product=harinisima-integral-fina-x-25kg-venc-11-10-24","title":{"rendered":"HARINISIMA INTEGRAL FINA x 25kg  Venc 09\/26"},"content":{"rendered":"<p>Es el producto que se obtiene en la molienda integral de los trigos. Est\u00e1 compuesto por todas las partes del grano: harinas, s\u00e9molas, semolines, c\u00e1scaras y germen. Es ideal para la elaboraci\u00f3n de productos diet\u00e9ticos especiales, con alto contenido de vitaminas, minerales y fibras<\/p>\n<p>&nbsp;<\/p>\n<p>&nbsp;<\/p>\n","protected":false},"excerpt":{"rendered":"<p>Es el producto que se obtiene en la molienda integral de los trigos. Est\u00e1 compuesto por todas las partes del grano: harinas, s\u00e9molas, semolines, c\u00e1scaras y germen. Es ideal para la elaboraci\u00f3n de productos diet\u00e9ticos especiales, con alto contenido de vitaminas, minerales y fibras &nbsp; &nbsp;<\/p>\n","protected":false},"featured_media":15937,"comment_status":"open","ping_status":"closed","template":"","meta":{"_et_pb_use_builder":"","_et_pb_old_content":"","_et_gb_content_width":"","om_disable_all_campaigns":false,"_monsterinsights_skip_tracking":false,"_monsterinsights_sitenote_active":false,"_monsterinsights_sitenote_note":"","_monsterinsights_sitenote_category":0,"_joinchat":[]},"product_brand":[],"product_cat":[735],"product_tag":[100,128,129,139,140,138],"class_list":{"0":"post-15936","1":"product","2":"type-product","3":"status-publish","4":"has-post-thumbnail","6":"product_cat-molino-campodonico","7":"product_tag-gastronomia","8":"product_tag-harina","9":"product_tag-harina-000","10":"product_tag-harina-molino-campodonico","11":"product_tag-harinisima","12":"product_tag-molino-campodonico","14":"first","15":"instock","16":"taxable","17":"shipping-taxable","18":"purchasable","19":"product-type-simple"},"aioseo_notices":[],"_links":{"self":[{"href":"https:\/\/www.oestepizzaparty.com.ar\/index.php?rest_route=\/wp\/v2\/product\/15936","targetHints":{"allow":["GET"]}}],"collection":[{"href":"https:\/\/www.oestepizzaparty.com.ar\/index.php?rest_route=\/wp\/v2\/product"}],"about":[{"href":"https:\/\/www.oestepizzaparty.com.ar\/index.php?rest_route=\/wp\/v2\/types\/product"}],"replies":[{"embeddable":true,"href":"https:\/\/www.oestepizzaparty.com.ar\/index.php?rest_route=%2Fwp%2Fv2%2Fcomments&post=15936"}],"wp:featuredmedia":[{"embeddable":true,"href":"https:\/\/www.oestepizzaparty.com.ar\/index.php?rest_route=\/wp\/v2\/media\/15937"}],"wp:attachment":[{"href":"https:\/\/www.oestepizzaparty.com.ar\/index.php?rest_route=%2Fwp%2Fv2%2Fmedia&parent=15936"}],"wp:term":[{"taxonomy":"product_brand","embeddable":true,"href":"https:\/\/www.oestepizzaparty.com.ar\/index.php?rest_route=%2Fwp%2Fv2%2Fproduct_brand&post=15936"},{"taxonomy":"product_cat","embeddable":true,"href":"https:\/\/www.oestepizzaparty.com.ar\/index.php?rest_route=%2Fwp%2Fv2%2Fproduct_cat&post=15936"},{"taxonomy":"product_tag","embeddable":true,"href":"https:\/\/www.oestepizzaparty.com.ar\/index.php?rest_route=%2Fwp%2Fv2%2Fproduct_tag&post=15936"}],"curies":[{"name":"wp","href":"https:\/\/api.w.org\/{rel}","templated":true}]}}