{"id":15964,"date":"2024-08-15T11:33:09","date_gmt":"2024-08-15T14:33:09","guid":{"rendered":"https:\/\/www.oestepizzaparty.com.ar\/?post_type=product&#038;p=15964"},"modified":"2026-04-15T12:54:10","modified_gmt":"2026-04-15T15:54:10","slug":"cerveza-peroni-nastro-azurro-lager-24-x-330ml","status":"publish","type":"product","link":"https:\/\/www.oestepizzaparty.com.ar\/?product=cerveza-peroni-nastro-azurro-lager-24-x-330ml","title":{"rendered":"Pack 24 x 330ML Cerveza Peroni Nastro Azurro (LAGER) 7\/26"},"content":{"rendered":"<p>Las botellas son perfectas para aquellos que aprecian el sabor crujiente y refrescante de una cerveza bien hecha. Preparado a la perfecci\u00f3n, Peroni Nastro Azzurro Beer cuenta con un impresionante 5.1% ABV, por lo que es una elecci\u00f3n que seguramente satisfar\u00e1 incluso al conocedor de la cerveza m\u00e1s exigente. Esta International Pale Lager tiene un cuerpo ligero y un aroma equilibrado, creando una experiencia de bebida realmente agradable. Como la cerveza premium n\u00famero uno de Italia, Peroni Nastro Azzurro es un s\u00edmbolo de excelencia. Con cada sorbo, ser\u00e1 transportado a las calles empapadas de sol de Italia, donde el arte de la elaboraci\u00f3n de la cerveza se ha perfeccionado durante generaciones.<\/p>\n","protected":false},"excerpt":{"rendered":"<p>Las botellas son perfectas para aquellos que aprecian el sabor crujiente y refrescante de una cerveza bien hecha. Preparado a la perfecci\u00f3n, Peroni Nastro Azzurro Beer cuenta con un impresionante 5.1% ABV, por lo que es una elecci\u00f3n que seguramente satisfar\u00e1 incluso al conocedor de la cerveza m\u00e1s exigente. Esta International Pale Lager tiene un [&hellip;]<\/p>\n","protected":false},"featured_media":15875,"comment_status":"open","ping_status":"closed","template":"","meta":{"_et_pb_use_builder":"","_et_pb_old_content":"","_et_gb_content_width":"","om_disable_all_campaigns":false,"_monsterinsights_skip_tracking":false,"_monsterinsights_sitenote_active":false,"_monsterinsights_sitenote_note":"","_monsterinsights_sitenote_category":0,"_joinchat":[]},"product_brand":[],"product_cat":[761],"product_tag":[],"class_list":{"0":"post-15964","1":"product","2":"type-product","3":"status-publish","4":"has-post-thumbnail","6":"product_cat-bebidas-con-alcohol","8":"first","9":"outofstock","10":"taxable","11":"shipping-taxable","12":"purchasable","13":"product-type-simple"},"aioseo_notices":[],"_links":{"self":[{"href":"https:\/\/www.oestepizzaparty.com.ar\/index.php?rest_route=\/wp\/v2\/product\/15964","targetHints":{"allow":["GET"]}}],"collection":[{"href":"https:\/\/www.oestepizzaparty.com.ar\/index.php?rest_route=\/wp\/v2\/product"}],"about":[{"href":"https:\/\/www.oestepizzaparty.com.ar\/index.php?rest_route=\/wp\/v2\/types\/product"}],"replies":[{"embeddable":true,"href":"https:\/\/www.oestepizzaparty.com.ar\/index.php?rest_route=%2Fwp%2Fv2%2Fcomments&post=15964"}],"wp:featuredmedia":[{"embeddable":true,"href":"https:\/\/www.oestepizzaparty.com.ar\/index.php?rest_route=\/wp\/v2\/media\/15875"}],"wp:attachment":[{"href":"https:\/\/www.oestepizzaparty.com.ar\/index.php?rest_route=%2Fwp%2Fv2%2Fmedia&parent=15964"}],"wp:term":[{"taxonomy":"product_brand","embeddable":true,"href":"https:\/\/www.oestepizzaparty.com.ar\/index.php?rest_route=%2Fwp%2Fv2%2Fproduct_brand&post=15964"},{"taxonomy":"product_cat","embeddable":true,"href":"https:\/\/www.oestepizzaparty.com.ar\/index.php?rest_route=%2Fwp%2Fv2%2Fproduct_cat&post=15964"},{"taxonomy":"product_tag","embeddable":true,"href":"https:\/\/www.oestepizzaparty.com.ar\/index.php?rest_route=%2Fwp%2Fv2%2Fproduct_tag&post=15964"}],"curies":[{"name":"wp","href":"https:\/\/api.w.org\/{rel}","templated":true}]}}