{"id":16424,"date":"2024-10-22T09:08:56","date_gmt":"2024-10-22T12:08:56","guid":{"rendered":"https:\/\/www.oestepizzaparty.com.ar\/?post_type=product&#038;p=16424"},"modified":"2026-04-30T11:32:10","modified_gmt":"2026-04-30T14:32:10","slug":"semillas-de-lino-x-1kg-el-peoncito","status":"publish","type":"product","link":"https:\/\/www.oestepizzaparty.com.ar\/?product=semillas-de-lino-x-1kg-el-peoncito","title":{"rendered":"SEMILLAS DE LINO X 1KG &#8211; EL PEONCITO"},"content":{"rendered":"<p><b>Beneficios:<\/b>\u00a0Las semillas de lino son ricas en fibra y omega 3. Su consumo de forma regular colabora en el tratamiento de la constipaci\u00f3n e inflamaci\u00f3n intestinal. Su aporte de fibra, ayuda a regular el tr\u00e1nsito intestinal, otorg\u00e1ndole la propiedad de laxante natural. La molienda ayuda a mejorar la absorci\u00f3n intestinal de sus nutrientes.<\/p>\n<p><b>Valor Nutricional:\u00a0<\/b>Valor Energ\u00e9tico: 42kcal=176kJ (2%VD); Carbohidratos: 0,2g (0%VD); Prote\u00ednas: 2,2g (3%VD); Grasas Totales: 3,6g (6%VD); Grasas Saturadas: 0,5g (2%VD); Fibra Alimentaria: 0,9g (4%VD); Sodio: 21mg (1%VD); Porci\u00f3n: 10g (1 cucharada de sopa).<\/p>\n","protected":false},"excerpt":{"rendered":"<p>Beneficios:\u00a0Las semillas de lino son ricas en fibra y omega 3. Su consumo de forma regular colabora en el tratamiento de la constipaci\u00f3n e inflamaci\u00f3n intestinal. Su aporte de fibra, ayuda a regular el tr\u00e1nsito intestinal, otorg\u00e1ndole la propiedad de laxante natural. La molienda ayuda a mejorar la absorci\u00f3n intestinal de sus nutrientes. Valor Nutricional:\u00a0Valor [&hellip;]<\/p>\n","protected":false},"featured_media":16425,"comment_status":"open","ping_status":"closed","template":"","meta":{"_et_pb_use_builder":"","_et_pb_old_content":"","_et_gb_content_width":"","om_disable_all_campaigns":false,"_monsterinsights_skip_tracking":false,"_monsterinsights_sitenote_active":false,"_monsterinsights_sitenote_note":"","_monsterinsights_sitenote_category":0,"_joinchat":[]},"product_brand":[],"product_cat":[749],"product_tag":[],"class_list":{"0":"post-16424","1":"product","2":"type-product","3":"status-publish","4":"has-post-thumbnail","6":"product_cat-frutos-secos","8":"first","9":"instock","10":"taxable","11":"shipping-taxable","12":"purchasable","13":"product-type-simple"},"aioseo_notices":[],"_links":{"self":[{"href":"https:\/\/www.oestepizzaparty.com.ar\/index.php?rest_route=\/wp\/v2\/product\/16424","targetHints":{"allow":["GET"]}}],"collection":[{"href":"https:\/\/www.oestepizzaparty.com.ar\/index.php?rest_route=\/wp\/v2\/product"}],"about":[{"href":"https:\/\/www.oestepizzaparty.com.ar\/index.php?rest_route=\/wp\/v2\/types\/product"}],"replies":[{"embeddable":true,"href":"https:\/\/www.oestepizzaparty.com.ar\/index.php?rest_route=%2Fwp%2Fv2%2Fcomments&post=16424"}],"wp:featuredmedia":[{"embeddable":true,"href":"https:\/\/www.oestepizzaparty.com.ar\/index.php?rest_route=\/wp\/v2\/media\/16425"}],"wp:attachment":[{"href":"https:\/\/www.oestepizzaparty.com.ar\/index.php?rest_route=%2Fwp%2Fv2%2Fmedia&parent=16424"}],"wp:term":[{"taxonomy":"product_brand","embeddable":true,"href":"https:\/\/www.oestepizzaparty.com.ar\/index.php?rest_route=%2Fwp%2Fv2%2Fproduct_brand&post=16424"},{"taxonomy":"product_cat","embeddable":true,"href":"https:\/\/www.oestepizzaparty.com.ar\/index.php?rest_route=%2Fwp%2Fv2%2Fproduct_cat&post=16424"},{"taxonomy":"product_tag","embeddable":true,"href":"https:\/\/www.oestepizzaparty.com.ar\/index.php?rest_route=%2Fwp%2Fv2%2Fproduct_tag&post=16424"}],"curies":[{"name":"wp","href":"https:\/\/api.w.org\/{rel}","templated":true}]}}