{"id":16861,"date":"2025-01-24T09:39:35","date_gmt":"2025-01-24T12:39:35","guid":{"rendered":"https:\/\/www.oestepizzaparty.com.ar\/?post_type=product&#038;p=16861"},"modified":"2026-04-09T12:34:06","modified_gmt":"2026-04-09T15:34:06","slug":"badia-salsa-picante-sriracha-x-500ml","status":"publish","type":"product","link":"https:\/\/www.oestepizzaparty.com.ar\/?product=badia-salsa-picante-sriracha-x-500ml","title":{"rendered":"Badia Salsa Picante Sriracha x 500ml"},"content":{"rendered":"<p>Descubre el sabor intenso de nuestra\u00a0<strong>Sriracha Hot Sauce<\/strong>, dise\u00f1ada para realzar el gusto de una amplia variedad de platos. Perfecta para pasta, pizza, hamburguesas, hot dogs, y m\u00e1s, esta salsa se convertir\u00e1 en tu aliada en la cocina.<\/p>\n","protected":false},"excerpt":{"rendered":"<p>Descubre el sabor intenso de nuestra\u00a0Sriracha Hot Sauce, dise\u00f1ada para realzar el gusto de una amplia variedad de platos. Perfecta para pasta, pizza, hamburguesas, hot dogs, y m\u00e1s, esta salsa se convertir\u00e1 en tu aliada en la cocina.<\/p>\n","protected":false},"featured_media":16862,"comment_status":"open","ping_status":"closed","template":"","meta":{"_et_pb_use_builder":"","_et_pb_old_content":"","_et_gb_content_width":"","om_disable_all_campaigns":false,"_monsterinsights_skip_tracking":false,"_monsterinsights_sitenote_active":false,"_monsterinsights_sitenote_note":"","_monsterinsights_sitenote_category":0,"_joinchat":[]},"product_brand":[],"product_cat":[713,708],"product_tag":[],"class_list":{"0":"post-16861","1":"product","2":"type-product","3":"status-publish","4":"has-post-thumbnail","6":"product_cat-aderezos-salsas","7":"product_cat-productos-de-almacen","9":"first","10":"instock","11":"taxable","12":"shipping-taxable","13":"purchasable","14":"product-type-simple"},"aioseo_notices":[],"_links":{"self":[{"href":"https:\/\/www.oestepizzaparty.com.ar\/index.php?rest_route=\/wp\/v2\/product\/16861","targetHints":{"allow":["GET"]}}],"collection":[{"href":"https:\/\/www.oestepizzaparty.com.ar\/index.php?rest_route=\/wp\/v2\/product"}],"about":[{"href":"https:\/\/www.oestepizzaparty.com.ar\/index.php?rest_route=\/wp\/v2\/types\/product"}],"replies":[{"embeddable":true,"href":"https:\/\/www.oestepizzaparty.com.ar\/index.php?rest_route=%2Fwp%2Fv2%2Fcomments&post=16861"}],"wp:featuredmedia":[{"embeddable":true,"href":"https:\/\/www.oestepizzaparty.com.ar\/index.php?rest_route=\/wp\/v2\/media\/16862"}],"wp:attachment":[{"href":"https:\/\/www.oestepizzaparty.com.ar\/index.php?rest_route=%2Fwp%2Fv2%2Fmedia&parent=16861"}],"wp:term":[{"taxonomy":"product_brand","embeddable":true,"href":"https:\/\/www.oestepizzaparty.com.ar\/index.php?rest_route=%2Fwp%2Fv2%2Fproduct_brand&post=16861"},{"taxonomy":"product_cat","embeddable":true,"href":"https:\/\/www.oestepizzaparty.com.ar\/index.php?rest_route=%2Fwp%2Fv2%2Fproduct_cat&post=16861"},{"taxonomy":"product_tag","embeddable":true,"href":"https:\/\/www.oestepizzaparty.com.ar\/index.php?rest_route=%2Fwp%2Fv2%2Fproduct_tag&post=16861"}],"curies":[{"name":"wp","href":"https:\/\/api.w.org\/{rel}","templated":true}]}}