{"id":17554,"date":"2025-07-14T12:21:20","date_gmt":"2025-07-14T15:21:20","guid":{"rendered":"https:\/\/www.oestepizzaparty.com.ar\/?post_type=product&#038;p=17554"},"modified":"2026-04-22T20:19:38","modified_gmt":"2026-04-22T23:19:38","slug":"la-molisana-passata-12-x-690gr-venc-31-12-27","status":"publish","type":"product","link":"https:\/\/www.oestepizzaparty.com.ar\/?product=la-molisana-passata-12-x-690gr-venc-31-12-27","title":{"rendered":"La Molisana Passata 12 x 690gr"},"content":{"rendered":"<ul>\n<li>Sabor aut\u00e9ntico y natural, ideal para todo tipo de preparaciones caseras.<\/li>\n<li>Textura r\u00fastica que aporta cuerpo y sabor a tus salsas y guisos.<\/li>\n<li>Presentaci\u00f3n de 690 gr, perfecta para usar en diversas recetas o para almacenar en tu despensa.<\/li>\n<li>Producto de alta calidad, elaborado con tomates frescos seleccionados para garantizar el mejor sabor.<\/li>\n<\/ul>\n","protected":false},"excerpt":{"rendered":"<p>Sabor aut\u00e9ntico y natural, ideal para todo tipo de preparaciones caseras. Textura r\u00fastica que aporta cuerpo y sabor a tus salsas y guisos. Presentaci\u00f3n de 690 gr, perfecta para usar en diversas recetas o para almacenar en tu despensa. Producto de alta calidad, elaborado con tomates frescos seleccionados para garantizar el mejor sabor.<\/p>\n","protected":false},"featured_media":17332,"comment_status":"open","ping_status":"closed","template":"","meta":{"_et_pb_use_builder":"","_et_pb_old_content":"","_et_gb_content_width":"","om_disable_all_campaigns":false,"_monsterinsights_skip_tracking":false,"_monsterinsights_sitenote_active":false,"_monsterinsights_sitenote_note":"","_monsterinsights_sitenote_category":0,"_joinchat":[]},"product_brand":[],"product_cat":[718],"product_tag":[],"class_list":{"0":"post-17554","1":"product","2":"type-product","3":"status-publish","4":"has-post-thumbnail","6":"product_cat-tomates-importados-por-caja","8":"first","9":"outofstock","10":"taxable","11":"shipping-taxable","12":"purchasable","13":"product-type-simple"},"aioseo_notices":[],"_links":{"self":[{"href":"https:\/\/www.oestepizzaparty.com.ar\/index.php?rest_route=\/wp\/v2\/product\/17554","targetHints":{"allow":["GET"]}}],"collection":[{"href":"https:\/\/www.oestepizzaparty.com.ar\/index.php?rest_route=\/wp\/v2\/product"}],"about":[{"href":"https:\/\/www.oestepizzaparty.com.ar\/index.php?rest_route=\/wp\/v2\/types\/product"}],"replies":[{"embeddable":true,"href":"https:\/\/www.oestepizzaparty.com.ar\/index.php?rest_route=%2Fwp%2Fv2%2Fcomments&post=17554"}],"wp:featuredmedia":[{"embeddable":true,"href":"https:\/\/www.oestepizzaparty.com.ar\/index.php?rest_route=\/wp\/v2\/media\/17332"}],"wp:attachment":[{"href":"https:\/\/www.oestepizzaparty.com.ar\/index.php?rest_route=%2Fwp%2Fv2%2Fmedia&parent=17554"}],"wp:term":[{"taxonomy":"product_brand","embeddable":true,"href":"https:\/\/www.oestepizzaparty.com.ar\/index.php?rest_route=%2Fwp%2Fv2%2Fproduct_brand&post=17554"},{"taxonomy":"product_cat","embeddable":true,"href":"https:\/\/www.oestepizzaparty.com.ar\/index.php?rest_route=%2Fwp%2Fv2%2Fproduct_cat&post=17554"},{"taxonomy":"product_tag","embeddable":true,"href":"https:\/\/www.oestepizzaparty.com.ar\/index.php?rest_route=%2Fwp%2Fv2%2Fproduct_tag&post=17554"}],"curies":[{"name":"wp","href":"https:\/\/api.w.org\/{rel}","templated":true}]}}