{"id":18671,"date":"2026-02-17T09:40:20","date_gmt":"2026-02-17T12:40:20","guid":{"rendered":"https:\/\/www.oestepizzaparty.com.ar\/?post_type=product&#038;p=18671"},"modified":"2026-04-07T12:05:46","modified_gmt":"2026-04-07T15:05:46","slug":"sal-completa-330gr-gavar","status":"publish","type":"product","link":"https:\/\/www.oestepizzaparty.com.ar\/?product=sal-completa-330gr-gavar","title":{"rendered":"Sal Completa 330gr &#8211; Gavar"},"content":{"rendered":"<p>Descubr\u00ed la\u00a0<em>Sal Completa<\/em>\u00a0de Gavar, una mezcla ideal que combina sal entrefina enriquecida con yodo y un condimento preparado a base de ajo y cebolla deshidratados con especias seleccionadas. Este producto argentino est\u00e1 dise\u00f1ado para simplificar tu cocina sin sacrificar el sabor.<\/p>\n<p>Libre de gluten, certificada para cel\u00edacos.<\/p>\n","protected":false},"excerpt":{"rendered":"<p>Descubr\u00ed la\u00a0Sal Completa\u00a0de Gavar, una mezcla ideal que combina sal entrefina enriquecida con yodo y un condimento preparado a base de ajo y cebolla deshidratados con especias seleccionadas. Este producto argentino est\u00e1 dise\u00f1ado para simplificar tu cocina sin sacrificar el sabor. Libre de gluten, certificada para cel\u00edacos.<\/p>\n","protected":false},"featured_media":18672,"comment_status":"open","ping_status":"closed","template":"","meta":{"_et_pb_use_builder":"","_et_pb_old_content":"","_et_gb_content_width":"","om_disable_all_campaigns":false,"_monsterinsights_skip_tracking":false,"_monsterinsights_sitenote_active":false,"_monsterinsights_sitenote_note":"","_monsterinsights_sitenote_category":0,"_joinchat":[]},"product_brand":[],"product_cat":[719,708],"product_tag":[],"class_list":{"0":"post-18671","1":"product","2":"type-product","3":"status-publish","4":"has-post-thumbnail","6":"product_cat-condimentos-especias","7":"product_cat-productos-de-almacen","9":"first","10":"instock","11":"taxable","12":"shipping-taxable","13":"purchasable","14":"product-type-simple"},"aioseo_notices":[],"_links":{"self":[{"href":"https:\/\/www.oestepizzaparty.com.ar\/index.php?rest_route=\/wp\/v2\/product\/18671","targetHints":{"allow":["GET"]}}],"collection":[{"href":"https:\/\/www.oestepizzaparty.com.ar\/index.php?rest_route=\/wp\/v2\/product"}],"about":[{"href":"https:\/\/www.oestepizzaparty.com.ar\/index.php?rest_route=\/wp\/v2\/types\/product"}],"replies":[{"embeddable":true,"href":"https:\/\/www.oestepizzaparty.com.ar\/index.php?rest_route=%2Fwp%2Fv2%2Fcomments&post=18671"}],"wp:featuredmedia":[{"embeddable":true,"href":"https:\/\/www.oestepizzaparty.com.ar\/index.php?rest_route=\/wp\/v2\/media\/18672"}],"wp:attachment":[{"href":"https:\/\/www.oestepizzaparty.com.ar\/index.php?rest_route=%2Fwp%2Fv2%2Fmedia&parent=18671"}],"wp:term":[{"taxonomy":"product_brand","embeddable":true,"href":"https:\/\/www.oestepizzaparty.com.ar\/index.php?rest_route=%2Fwp%2Fv2%2Fproduct_brand&post=18671"},{"taxonomy":"product_cat","embeddable":true,"href":"https:\/\/www.oestepizzaparty.com.ar\/index.php?rest_route=%2Fwp%2Fv2%2Fproduct_cat&post=18671"},{"taxonomy":"product_tag","embeddable":true,"href":"https:\/\/www.oestepizzaparty.com.ar\/index.php?rest_route=%2Fwp%2Fv2%2Fproduct_tag&post=18671"}],"curies":[{"name":"wp","href":"https:\/\/api.w.org\/{rel}","templated":true}]}}