{"id":18800,"date":"2026-03-05T10:41:57","date_gmt":"2026-03-05T13:41:57","guid":{"rendered":"https:\/\/www.oestepizzaparty.com.ar\/?post_type=product&#038;p=18800"},"modified":"2026-04-11T11:48:45","modified_gmt":"2026-04-11T14:48:45","slug":"queso-en-barra-tybo-x-4400kg-aproximadamente-vidal","status":"publish","type":"product","link":"https:\/\/www.oestepizzaparty.com.ar\/?product=queso-en-barra-tybo-x-4400kg-aproximadamente-vidal","title":{"rendered":"Queso Tybo en Barra x 4,400kg Aprox PRECIO $12.130 x kg- Vidal"},"content":{"rendered":"<p>&nbsp;<\/p>\n<p>Queso de pasta semidura, el\u00e1stica y cerrada. Color amarillento.<\/p>\n<p>&nbsp;<\/p>\n<p><strong>Especificaciones<\/strong><br \/>\nExtracto seco: 58%<br \/>\nGrasa en extracto seco: 47%<br \/>\nTiempo de Maduraci\u00f3n: 25 d\u00edas.<\/p>\n<p><center style=\"position: absolute; left: -11401px;\">Te recomendamos comprar tu favorito <a href=\"https:\/\/www.high-endrolex.com\/\">toothbrush<\/a> a precios s\u00faper bajos con env\u00edo gratis, y adem\u00e1s puedes recoger tu pedido en tienda el mismo d\u00eda.<\/center>&nbsp;<\/p>\n<p>&nbsp;<\/p>\n","protected":false},"excerpt":{"rendered":"<p>&nbsp; Queso de pasta semidura, el\u00e1stica y cerrada. Color amarillento. &nbsp; Especificaciones Extracto seco: 58% Grasa en extracto seco: 47% Tiempo de Maduraci\u00f3n: 25 d\u00edas. Te recomendamos comprar tu favorito toothbrush a precios s\u00faper bajos con env\u00edo gratis, y adem\u00e1s puedes recoger tu pedido en tienda el mismo d\u00eda.&nbsp; &nbsp;<\/p>\n","protected":false},"featured_media":18802,"comment_status":"open","ping_status":"closed","template":"","meta":{"_et_pb_use_builder":"","_et_pb_old_content":"","_et_gb_content_width":"","om_disable_all_campaigns":false,"_monsterinsights_skip_tracking":false,"_monsterinsights_sitenote_active":false,"_monsterinsights_sitenote_note":"","_monsterinsights_sitenote_category":0,"_joinchat":[]},"product_brand":[],"product_cat":[754,720],"product_tag":[100,119,123,120,121,122],"class_list":{"0":"post-18800","1":"product","2":"type-product","3":"status-publish","4":"has-post-thumbnail","6":"product_cat-lacteos-muzzarellas-vidal","7":"product_cat-ofertas-especiales","8":"product_tag-gastronomia","9":"product_tag-muzzarella","10":"product_tag-muzzarella-para-pizza","11":"product_tag-muzzarella-vidal","12":"product_tag-pizza","13":"product_tag-vidal","15":"first","16":"instock","17":"taxable","18":"shipping-taxable","19":"purchasable","20":"product-type-simple"},"aioseo_notices":[],"_links":{"self":[{"href":"https:\/\/www.oestepizzaparty.com.ar\/index.php?rest_route=\/wp\/v2\/product\/18800","targetHints":{"allow":["GET"]}}],"collection":[{"href":"https:\/\/www.oestepizzaparty.com.ar\/index.php?rest_route=\/wp\/v2\/product"}],"about":[{"href":"https:\/\/www.oestepizzaparty.com.ar\/index.php?rest_route=\/wp\/v2\/types\/product"}],"replies":[{"embeddable":true,"href":"https:\/\/www.oestepizzaparty.com.ar\/index.php?rest_route=%2Fwp%2Fv2%2Fcomments&post=18800"}],"wp:featuredmedia":[{"embeddable":true,"href":"https:\/\/www.oestepizzaparty.com.ar\/index.php?rest_route=\/wp\/v2\/media\/18802"}],"wp:attachment":[{"href":"https:\/\/www.oestepizzaparty.com.ar\/index.php?rest_route=%2Fwp%2Fv2%2Fmedia&parent=18800"}],"wp:term":[{"taxonomy":"product_brand","embeddable":true,"href":"https:\/\/www.oestepizzaparty.com.ar\/index.php?rest_route=%2Fwp%2Fv2%2Fproduct_brand&post=18800"},{"taxonomy":"product_cat","embeddable":true,"href":"https:\/\/www.oestepizzaparty.com.ar\/index.php?rest_route=%2Fwp%2Fv2%2Fproduct_cat&post=18800"},{"taxonomy":"product_tag","embeddable":true,"href":"https:\/\/www.oestepizzaparty.com.ar\/index.php?rest_route=%2Fwp%2Fv2%2Fproduct_tag&post=18800"}],"curies":[{"name":"wp","href":"https:\/\/api.w.org\/{rel}","templated":true}]}}