{"id":18898,"date":"2026-03-20T14:12:42","date_gmt":"2026-03-20T17:12:42","guid":{"rendered":"https:\/\/www.oestepizzaparty.com.ar\/?post_type=product&#038;p=18898"},"modified":"2026-03-28T10:02:08","modified_gmt":"2026-03-28T13:02:08","slug":"stracciatella-x-1kg-arrivata","status":"publish","type":"product","link":"https:\/\/www.oestepizzaparty.com.ar\/?product=stracciatella-x-1kg-arrivata","title":{"rendered":"Stracciatella x 1kg &#8211; Arrivata"},"content":{"rendered":"<p>El coraz\u00f3n cremoso de la burrata, a eso denominamos stracciatella. Los maestros queseros de Arrivata parecen haber encontrado el punto justo en este producto: satisfacci\u00f3n al paladar asegurada. Se elabora con mozzarella, crema y leche argentina; de m\u00e1xima digestibilidad gracias al especial proceso de elaboraci\u00f3n que elimina la lactosa sin alterar el sabor.<\/p>\n","protected":false},"excerpt":{"rendered":"<p>El coraz\u00f3n cremoso de la burrata, a eso denominamos stracciatella. Los maestros queseros de Arrivata parecen haber encontrado el punto justo en este producto: satisfacci\u00f3n al paladar asegurada. Se elabora con mozzarella, crema y leche argentina; de m\u00e1xima digestibilidad gracias al especial proceso de elaboraci\u00f3n que elimina la lactosa sin alterar el sabor.<\/p>\n","protected":false},"featured_media":18899,"comment_status":"open","ping_status":"closed","template":"","meta":{"_et_pb_use_builder":"","_et_pb_old_content":"","_et_gb_content_width":"","om_disable_all_campaigns":false,"_monsterinsights_skip_tracking":false,"_monsterinsights_sitenote_active":false,"_monsterinsights_sitenote_note":"","_monsterinsights_sitenote_category":0,"_joinchat":[]},"product_brand":[],"product_cat":[703,772],"product_tag":[],"class_list":{"0":"post-18898","1":"product","2":"type-product","3":"status-publish","4":"has-post-thumbnail","6":"product_cat-lacteos","7":"product_cat-quesos-arrivata","9":"first","10":"outofstock","11":"taxable","12":"shipping-taxable","13":"purchasable","14":"product-type-simple"},"aioseo_notices":[],"_links":{"self":[{"href":"https:\/\/www.oestepizzaparty.com.ar\/index.php?rest_route=\/wp\/v2\/product\/18898","targetHints":{"allow":["GET"]}}],"collection":[{"href":"https:\/\/www.oestepizzaparty.com.ar\/index.php?rest_route=\/wp\/v2\/product"}],"about":[{"href":"https:\/\/www.oestepizzaparty.com.ar\/index.php?rest_route=\/wp\/v2\/types\/product"}],"replies":[{"embeddable":true,"href":"https:\/\/www.oestepizzaparty.com.ar\/index.php?rest_route=%2Fwp%2Fv2%2Fcomments&post=18898"}],"wp:featuredmedia":[{"embeddable":true,"href":"https:\/\/www.oestepizzaparty.com.ar\/index.php?rest_route=\/wp\/v2\/media\/18899"}],"wp:attachment":[{"href":"https:\/\/www.oestepizzaparty.com.ar\/index.php?rest_route=%2Fwp%2Fv2%2Fmedia&parent=18898"}],"wp:term":[{"taxonomy":"product_brand","embeddable":true,"href":"https:\/\/www.oestepizzaparty.com.ar\/index.php?rest_route=%2Fwp%2Fv2%2Fproduct_brand&post=18898"},{"taxonomy":"product_cat","embeddable":true,"href":"https:\/\/www.oestepizzaparty.com.ar\/index.php?rest_route=%2Fwp%2Fv2%2Fproduct_cat&post=18898"},{"taxonomy":"product_tag","embeddable":true,"href":"https:\/\/www.oestepizzaparty.com.ar\/index.php?rest_route=%2Fwp%2Fv2%2Fproduct_tag&post=18898"}],"curies":[{"name":"wp","href":"https:\/\/api.w.org\/{rel}","templated":true}]}}