{"id":6234,"date":"2021-11-04T13:49:09","date_gmt":"2021-11-04T16:49:09","guid":{"rendered":"https:\/\/www.oestepizzaparty.com.ar\/?post_type=product&#038;p=6234"},"modified":"2026-03-26T18:18:41","modified_gmt":"2026-03-26T21:18:41","slug":"harina-chacabuco-leudante-10-x-1kg","status":"publish","type":"product","link":"https:\/\/www.oestepizzaparty.com.ar\/?product=harina-chacabuco-leudante-10-x-1kg","title":{"rendered":"PACK 10 X 1kg HARINA LEUDANTE &#8211; MOLINO CHACABUCO"},"content":{"rendered":"<p>La harina leudante Chacabuco\u00aees obtenida a partir de la selecci\u00f3n de nuestros mejores trigos. Es el producto m\u00e1s indicado para la elaboraci\u00f3n de tortas, bizcochuelos y pasteler\u00eda hogare\u00f1a. Su calidad la hace ideal para preparar toda clase de platos que requieran una harina pensada especialmente para la cocina.<\/p>\n","protected":false},"excerpt":{"rendered":"<p>La harina leudante Chacabuco\u00aees obtenida a partir de la selecci\u00f3n de nuestros mejores trigos. Es el producto m\u00e1s indicado para la elaboraci\u00f3n de tortas, bizcochuelos y pasteler\u00eda hogare\u00f1a. Su calidad la hace ideal para preparar toda clase de platos que requieran una harina pensada especialmente para la cocina.<\/p>\n","protected":false},"featured_media":15815,"comment_status":"open","ping_status":"closed","template":"","meta":{"_et_pb_use_builder":"","_et_pb_old_content":"","_et_gb_content_width":"","om_disable_all_campaigns":false,"_monsterinsights_skip_tracking":false,"_monsterinsights_sitenote_active":false,"_monsterinsights_sitenote_note":"","_monsterinsights_sitenote_category":0,"_joinchat":[]},"product_brand":[],"product_cat":[732],"product_tag":[],"class_list":{"0":"post-6234","1":"product","2":"type-product","3":"status-publish","4":"has-post-thumbnail","6":"product_cat-molino-chacabuco","8":"first","9":"outofstock","10":"taxable","11":"shipping-taxable","12":"purchasable","13":"product-type-simple"},"aioseo_notices":[],"_links":{"self":[{"href":"https:\/\/www.oestepizzaparty.com.ar\/index.php?rest_route=\/wp\/v2\/product\/6234","targetHints":{"allow":["GET"]}}],"collection":[{"href":"https:\/\/www.oestepizzaparty.com.ar\/index.php?rest_route=\/wp\/v2\/product"}],"about":[{"href":"https:\/\/www.oestepizzaparty.com.ar\/index.php?rest_route=\/wp\/v2\/types\/product"}],"replies":[{"embeddable":true,"href":"https:\/\/www.oestepizzaparty.com.ar\/index.php?rest_route=%2Fwp%2Fv2%2Fcomments&post=6234"}],"wp:featuredmedia":[{"embeddable":true,"href":"https:\/\/www.oestepizzaparty.com.ar\/index.php?rest_route=\/wp\/v2\/media\/15815"}],"wp:attachment":[{"href":"https:\/\/www.oestepizzaparty.com.ar\/index.php?rest_route=%2Fwp%2Fv2%2Fmedia&parent=6234"}],"wp:term":[{"taxonomy":"product_brand","embeddable":true,"href":"https:\/\/www.oestepizzaparty.com.ar\/index.php?rest_route=%2Fwp%2Fv2%2Fproduct_brand&post=6234"},{"taxonomy":"product_cat","embeddable":true,"href":"https:\/\/www.oestepizzaparty.com.ar\/index.php?rest_route=%2Fwp%2Fv2%2Fproduct_cat&post=6234"},{"taxonomy":"product_tag","embeddable":true,"href":"https:\/\/www.oestepizzaparty.com.ar\/index.php?rest_route=%2Fwp%2Fv2%2Fproduct_tag&post=6234"}],"curies":[{"name":"wp","href":"https:\/\/api.w.org\/{rel}","templated":true}]}}