{"id":8496,"date":"2022-04-08T10:22:31","date_gmt":"2022-04-08T13:22:31","guid":{"rendered":"https:\/\/www.oestepizzaparty.com.ar\/?post_type=product&#038;p=8496"},"modified":"2026-04-24T10:21:29","modified_gmt":"2026-04-24T13:21:29","slug":"harina-trigo-granos-ancestrales-chacabuco-x-750gs","status":"publish","type":"product","link":"https:\/\/www.oestepizzaparty.com.ar\/?product=harina-trigo-granos-ancestrales-chacabuco-x-750gs","title":{"rendered":"OFERTA !! HARINA DE GRANOS ANCESTRALES X 750gs &#8211; MOLINO CHACABUCO"},"content":{"rendered":"<p>La harina de trigo y de granos ancestrales Chacabuco\u00ae de la l\u00ednea Cocina Saludable es una harina de trigo combinada con harina de quinoa, harina de trigo sarraceno y semillas de amaranto molidas, que en conjunto aportan beneficios nutricionales. Los granos ancestrales son un grupo de semillas y pseudocereales que no han sido alterados o modificados gen\u00e9ticamente durante los \u00faltimos milenios. Adem\u00e1s de su alto contenido de fibras solubles e insolubles, el trigo sarraceno es un superalimento rico en hidratos de carbono complejos, prote\u00ednas, magnesio, potasio y f\u00f3sforo. Por otro lado la harina de quinoa, que es considerada el \u00fanico alimento del reino vegetal que provee todos los amino\u00e1cidos esenciales. As\u00ed como tambi\u00e9n el amaranto, que tambi\u00e9n es considerado un superalimento ya que contiene 8 de los 9 amino\u00e1cidos esenciales, adem\u00e1s de ser fuente de vitaminas A, B, C, B1, B2, B3, D y K y rico en hierro y \u00e1cido f\u00f3lico.<br \/>\nAdem\u00e1s, no contiene sodio agregado y es un alimento 100 % vegetal, apto para una alimentaci\u00f3n vegetariana o vegana.<\/p>\n","protected":false},"excerpt":{"rendered":"<h1><strong>CON LA COMPRA DE UNA TE LLEVAS OTRA SIN CARGO.<\/strong><\/h1>\n","protected":false},"featured_media":15824,"comment_status":"open","ping_status":"closed","template":"","meta":{"_et_pb_use_builder":"","_et_pb_old_content":"","_et_gb_content_width":"","om_disable_all_campaigns":false,"_monsterinsights_skip_tracking":false,"_monsterinsights_sitenote_active":false,"_monsterinsights_sitenote_note":"","_monsterinsights_sitenote_category":0,"_joinchat":[]},"product_brand":[],"product_cat":[732,706,720],"product_tag":[],"class_list":{"0":"post-8496","1":"product","2":"type-product","3":"status-publish","4":"has-post-thumbnail","6":"product_cat-molino-chacabuco","7":"product_cat-ofertas-destacadas","8":"product_cat-ofertas-especiales","10":"first","11":"instock","12":"sale","13":"taxable","14":"shipping-taxable","15":"purchasable","16":"product-type-simple"},"aioseo_notices":[],"_links":{"self":[{"href":"https:\/\/www.oestepizzaparty.com.ar\/index.php?rest_route=\/wp\/v2\/product\/8496","targetHints":{"allow":["GET"]}}],"collection":[{"href":"https:\/\/www.oestepizzaparty.com.ar\/index.php?rest_route=\/wp\/v2\/product"}],"about":[{"href":"https:\/\/www.oestepizzaparty.com.ar\/index.php?rest_route=\/wp\/v2\/types\/product"}],"replies":[{"embeddable":true,"href":"https:\/\/www.oestepizzaparty.com.ar\/index.php?rest_route=%2Fwp%2Fv2%2Fcomments&post=8496"}],"wp:featuredmedia":[{"embeddable":true,"href":"https:\/\/www.oestepizzaparty.com.ar\/index.php?rest_route=\/wp\/v2\/media\/15824"}],"wp:attachment":[{"href":"https:\/\/www.oestepizzaparty.com.ar\/index.php?rest_route=%2Fwp%2Fv2%2Fmedia&parent=8496"}],"wp:term":[{"taxonomy":"product_brand","embeddable":true,"href":"https:\/\/www.oestepizzaparty.com.ar\/index.php?rest_route=%2Fwp%2Fv2%2Fproduct_brand&post=8496"},{"taxonomy":"product_cat","embeddable":true,"href":"https:\/\/www.oestepizzaparty.com.ar\/index.php?rest_route=%2Fwp%2Fv2%2Fproduct_cat&post=8496"},{"taxonomy":"product_tag","embeddable":true,"href":"https:\/\/www.oestepizzaparty.com.ar\/index.php?rest_route=%2Fwp%2Fv2%2Fproduct_tag&post=8496"}],"curies":[{"name":"wp","href":"https:\/\/api.w.org\/{rel}","templated":true}]}}