{"id":8498,"date":"2022-04-08T10:30:56","date_gmt":"2022-04-08T13:30:56","guid":{"rendered":"https:\/\/www.oestepizzaparty.com.ar\/?post_type=product&#038;p=8498"},"modified":"2026-04-27T16:21:10","modified_gmt":"2026-04-27T19:21:10","slug":"harina-de-trigo-especial-pasteleria-chacabuco-x-1kg","status":"publish","type":"product","link":"https:\/\/www.oestepizzaparty.com.ar\/?product=harina-de-trigo-especial-pasteleria-chacabuco-x-1kg","title":{"rendered":"OFERTA !! HARINA ESPECIAL PASTELERIA X 1KG &#8211; MOLINO CHACABUCO"},"content":{"rendered":"<p>La harina Chacabuco\u00ae especial para pasteler\u00eda es obtenida a partir de la cuidadosa selecci\u00f3n de nuestros mejores trigos. Su refinada calidad la hace ideal para la elaboraci\u00f3n de masas aireadas y livianas. Sabor garantizado. No necesita esencias. Te permite batir f\u00e1cilmente todos los ingredientes. Para usar en la elaboraci\u00f3n de cualquier receta dulce: tortas, bizcochuelos, budines, roscas, pan dulce, masas secas, tartas, muffins, waffles, panqueques y otras ricas preparaciones. No contiene leudante. No contiene lactosa.<\/p>\n","protected":false},"excerpt":{"rendered":"<h1><strong>CON LA COMPRA DE UNA TE LLEVAS OTRA SIN CARGO.<\/strong><\/h1>\n","protected":false},"featured_media":15821,"comment_status":"open","ping_status":"closed","template":"","meta":{"_et_pb_use_builder":"","_et_pb_old_content":"","_et_gb_content_width":"","om_disable_all_campaigns":false,"_monsterinsights_skip_tracking":false,"_monsterinsights_sitenote_active":false,"_monsterinsights_sitenote_note":"","_monsterinsights_sitenote_category":0,"_joinchat":[]},"product_brand":[],"product_cat":[732,706,720],"product_tag":[],"class_list":{"0":"post-8498","1":"product","2":"type-product","3":"status-publish","4":"has-post-thumbnail","6":"product_cat-molino-chacabuco","7":"product_cat-ofertas-destacadas","8":"product_cat-ofertas-especiales","10":"first","11":"instock","12":"sale","13":"taxable","14":"shipping-taxable","15":"purchasable","16":"product-type-simple"},"aioseo_notices":[],"_links":{"self":[{"href":"https:\/\/www.oestepizzaparty.com.ar\/index.php?rest_route=\/wp\/v2\/product\/8498","targetHints":{"allow":["GET"]}}],"collection":[{"href":"https:\/\/www.oestepizzaparty.com.ar\/index.php?rest_route=\/wp\/v2\/product"}],"about":[{"href":"https:\/\/www.oestepizzaparty.com.ar\/index.php?rest_route=\/wp\/v2\/types\/product"}],"replies":[{"embeddable":true,"href":"https:\/\/www.oestepizzaparty.com.ar\/index.php?rest_route=%2Fwp%2Fv2%2Fcomments&post=8498"}],"wp:featuredmedia":[{"embeddable":true,"href":"https:\/\/www.oestepizzaparty.com.ar\/index.php?rest_route=\/wp\/v2\/media\/15821"}],"wp:attachment":[{"href":"https:\/\/www.oestepizzaparty.com.ar\/index.php?rest_route=%2Fwp%2Fv2%2Fmedia&parent=8498"}],"wp:term":[{"taxonomy":"product_brand","embeddable":true,"href":"https:\/\/www.oestepizzaparty.com.ar\/index.php?rest_route=%2Fwp%2Fv2%2Fproduct_brand&post=8498"},{"taxonomy":"product_cat","embeddable":true,"href":"https:\/\/www.oestepizzaparty.com.ar\/index.php?rest_route=%2Fwp%2Fv2%2Fproduct_cat&post=8498"},{"taxonomy":"product_tag","embeddable":true,"href":"https:\/\/www.oestepizzaparty.com.ar\/index.php?rest_route=%2Fwp%2Fv2%2Fproduct_tag&post=8498"}],"curies":[{"name":"wp","href":"https:\/\/api.w.org\/{rel}","templated":true}]}}