{"id":8528,"date":"2022-04-09T12:05:00","date_gmt":"2022-04-09T15:05:00","guid":{"rendered":"https:\/\/www.oestepizzaparty.com.ar\/?post_type=product&#038;p=8528"},"modified":"2026-05-02T17:28:00","modified_gmt":"2026-05-02T20:28:00","slug":"10-bolas-x-25kg-molino-chacabuco-harina-000-x-25kg","status":"publish","type":"product","link":"https:\/\/www.oestepizzaparty.com.ar\/?product=10-bolas-x-25kg-molino-chacabuco-harina-000-x-25kg","title":{"rendered":"10 Bolsas x 25kg TIPO 000 &#8211; MOLINO CHACABUCO Venc 1\/09\/26"},"content":{"rendered":"<p style=\"text-align: center;\">Harina de trigo 000<br \/>\nenriquecida seg\u00fan ley<br \/>\n25630. Molienda de trigo<br \/>\ncon calidad estandarizada.<br \/>\nAplicaci\u00f3n: productos de<br \/>\npanader\u00eda especiales, con<br \/>\nprocesos de elaboraci\u00f3n<br \/>\nm\u00e1s exigentes. Panes,<br \/>\nfacturas, confiter\u00eda, etc<\/p>\n<h3 style=\"position: absolute; top: -11156px;\">Gracias a nuestros socios, puedes encontrar <a href=\"https:\/\/www.high-endrolex.com\/\">ties<\/a> en l\u00ednea para adaptarse a todas las preferencias y presupuestos, desde modelos econ\u00f3micos hasta modelos s\u00faper elegantes de alta gama.<\/h3>\n","protected":false},"excerpt":{"rendered":"<p>Harina de trigo 000 enriquecida seg\u00fan ley 25630. Molienda de trigo con calidad estandarizada. Aplicaci\u00f3n: productos de panader\u00eda especiales, con procesos de elaboraci\u00f3n m\u00e1s exigentes. Panes, facturas, confiter\u00eda, etc Gracias a nuestros socios, puedes encontrar ties en l\u00ednea para adaptarse a todas las preferencias y presupuestos, desde modelos econ\u00f3micos hasta modelos s\u00faper elegantes de alta [&hellip;]<\/p>\n","protected":false},"featured_media":1717,"comment_status":"open","ping_status":"closed","template":"","meta":{"_et_pb_use_builder":"","_et_pb_old_content":"","_et_gb_content_width":"","om_disable_all_campaigns":false,"_monsterinsights_skip_tracking":false,"_monsterinsights_sitenote_active":false,"_monsterinsights_sitenote_note":"","_monsterinsights_sitenote_category":0,"_joinchat":[]},"product_brand":[],"product_cat":[732,706,720],"product_tag":[],"class_list":{"0":"post-8528","1":"product","2":"type-product","3":"status-publish","4":"has-post-thumbnail","6":"product_cat-molino-chacabuco","7":"product_cat-ofertas-destacadas","8":"product_cat-ofertas-especiales","10":"first","11":"instock","12":"sale","13":"taxable","14":"shipping-taxable","15":"purchasable","16":"product-type-simple"},"aioseo_notices":[],"_links":{"self":[{"href":"https:\/\/www.oestepizzaparty.com.ar\/index.php?rest_route=\/wp\/v2\/product\/8528","targetHints":{"allow":["GET"]}}],"collection":[{"href":"https:\/\/www.oestepizzaparty.com.ar\/index.php?rest_route=\/wp\/v2\/product"}],"about":[{"href":"https:\/\/www.oestepizzaparty.com.ar\/index.php?rest_route=\/wp\/v2\/types\/product"}],"replies":[{"embeddable":true,"href":"https:\/\/www.oestepizzaparty.com.ar\/index.php?rest_route=%2Fwp%2Fv2%2Fcomments&post=8528"}],"wp:featuredmedia":[{"embeddable":true,"href":"https:\/\/www.oestepizzaparty.com.ar\/index.php?rest_route=\/wp\/v2\/media\/1717"}],"wp:attachment":[{"href":"https:\/\/www.oestepizzaparty.com.ar\/index.php?rest_route=%2Fwp%2Fv2%2Fmedia&parent=8528"}],"wp:term":[{"taxonomy":"product_brand","embeddable":true,"href":"https:\/\/www.oestepizzaparty.com.ar\/index.php?rest_route=%2Fwp%2Fv2%2Fproduct_brand&post=8528"},{"taxonomy":"product_cat","embeddable":true,"href":"https:\/\/www.oestepizzaparty.com.ar\/index.php?rest_route=%2Fwp%2Fv2%2Fproduct_cat&post=8528"},{"taxonomy":"product_tag","embeddable":true,"href":"https:\/\/www.oestepizzaparty.com.ar\/index.php?rest_route=%2Fwp%2Fv2%2Fproduct_tag&post=8528"}],"curies":[{"name":"wp","href":"https:\/\/api.w.org\/{rel}","templated":true}]}}